{"id":147,"date":"2025-05-13T08:55:46","date_gmt":"2025-05-13T08:55:46","guid":{"rendered":"https:\/\/miyagipadel.dk\/?page_id=147"},"modified":"2025-09-09T11:00:10","modified_gmt":"2025-09-09T11:00:10","slug":"rekruttering","status":"publish","type":"page","link":"https:\/\/miyagipadel.dk\/?page_id=147","title":{"rendered":"Rekruttering"},"content":{"rendered":"\n<figure class=\"wp-block-image size-full\"><img loading=\"lazy\" decoding=\"async\" width=\"1024\" height=\"320\" src=\"https:\/\/miyagipadel.dk\/wp-content\/uploads\/2025\/09\/Bannerbillede-Rekruttering.jpg\" alt=\"\" class=\"wp-image-216\" srcset=\"https:\/\/miyagipadel.dk\/wp-content\/uploads\/2025\/09\/Bannerbillede-Rekruttering.jpg 1024w, https:\/\/miyagipadel.dk\/wp-content\/uploads\/2025\/09\/Bannerbillede-Rekruttering-300x94.jpg 300w, https:\/\/miyagipadel.dk\/wp-content\/uploads\/2025\/09\/Bannerbillede-Rekruttering-768x240.jpg 768w\" sizes=\"(max-width: 1024px) 100vw, 1024px\" \/><\/figure>\n\n\n\n<p>Uanset om man er et center eller en klub\/forening har man brug for at rekruttere medlemmer eller brugere.<\/p>\n\n\n\n<p><strong>Sociale medier \u2013 SoMe<\/strong><br>Idag kan man n\u00e6rmest ikke undg\u00e5 at v\u00e6re aktiv p\u00e5 SoMe og der kommer flere og flere kanaler med Facebook, Instagram, TikTok m.fl.<\/p>\n\n\n\n<p>De fleste benytter Facebook og her er et par tips ifht. brug af en side ctr. grupper, men ogs\u00e5 v\u00e6re obs p\u00e5 at begivenheder kan underst\u00f8tte markedsf\u00f8ringen.<\/p>\n\n\n\n<p>En Facebook-side er helt \u00e5ben og vil kunne tilg\u00e5s af alle uanset tilknytning, mens en gruppe v\u00e6re begr\u00e6nset til de personer, som er en del af denne gruppe, ogs\u00e5 selvom om gruppen er sat til offentligt<\/p>\n\n\n\n<figure class=\"wp-block-image\"><img decoding=\"async\" src=\"https:\/\/www.jnorgaard.dk\/wp-content\/uploads\/2024\/04\/347409773_10225253871068766_4370152366046709889_n-1024x474.jpg\" alt=\"\" class=\"wp-image-1295\"\/><\/figure>\n\n\n\n<p><strong>\u00c5bent Hus<\/strong><br>At holde \u00e5bent hus er altid en god mulighed for at f\u00e5 nye medlemmer til klubben og det giver potentielle medlemmer mulighed for at komme og bes\u00f8ge klubben og pr\u00f8ve spillet samt f\u00e5 en snak med andre medlemmer eller bestyrelse og tr\u00e6ner.<\/p>\n\n\n\n<p>Har man b\u00e5de tennis og padel p\u00e5 programmet, kan man med fordel, have begge aktiviteter med p\u00e5 programmet.<\/p>\n\n\n\n<p>Markedsf\u00f8ringen naturligvis s\u00e6rdeles vigtig.<\/p>\n\n\n\n<p><strong>Skolepadel<\/strong><br>I rigtig mange kommuner underst\u00f8ttes at klubber inviterer skoleklasser p\u00e5 bes\u00f8g for at afpr\u00f8ve en aktivitet og det er en enest\u00e5ende mulighed for at pr\u00e6sentere klubben for en motiveret m\u00e5lgruppe.<\/p>\n\n\n\n<p>Vigtigt at have en tr\u00e6ner, som form\u00e5r at fange de unge mennesker og v\u00e6re klar til at h\u00e5ndtere st\u00f8rre grupper med forskellige aktiviteter<\/p>\n\n\n\n<p><strong>Firmaarrangementer<br><\/strong>Firmaarrangementer er et andet rekrutteringsv\u00e5ben, som kan benyttes pakket ind i en social event for et firma og m\u00e5ske kan man lave firmamedlemskab s\u00e5ledes, at firmaet medarbejdere har mulighed for at spille.<br>Her vil, erfaringsm\u00e6ssigt, en del af medarbejderne k\u00f8be deres eget medlemskab, n\u00e5r de bliver bidt af aktiviteten.<\/p>\n\n\n\n<p><strong>Sommerskole eller ferieaktivitet<\/strong><br>Der kan ogs\u00e5 med fordel laves sommerskoler, evt. i samarbejde med kommunen, eller aktivitet i de forskellige skoleferie. Her kan kombineres med forskellige aktiviteter b\u00e5de p\u00e5 banerne men ogs\u00e5 udenfor.<br>Mange klubber tilbyder sommerskoler i starten eller slutningen af skolernes sommerferie \u2013 oftest af 3-4 dages varighed med 4-5 timer pr. dag.<\/p>\n","protected":false},"excerpt":{"rendered":"<p>Uanset om man er et center eller en klub\/forening har man brug for at rekruttere medlemmer eller brugere. Sociale medier \u2013 SoMeIdag kan man n\u00e6rmest ikke undg\u00e5 at v\u00e6re aktiv p\u00e5 SoMe og der kommer flere og flere kanaler med&hellip; <\/p>\n","protected":false},"author":1,"featured_media":0,"parent":0,"menu_order":0,"comment_status":"closed","ping_status":"closed","template":"","meta":{"saved_in_kubio":false,"footnotes":""},"class_list":["post-147","page","type-page","status-publish","hentry"],"kubio_ai_page_context":{"short_desc":"","purpose":"general"},"_links":{"self":[{"href":"https:\/\/miyagipadel.dk\/index.php?rest_route=\/wp\/v2\/pages\/147","targetHints":{"allow":["GET"]}}],"collection":[{"href":"https:\/\/miyagipadel.dk\/index.php?rest_route=\/wp\/v2\/pages"}],"about":[{"href":"https:\/\/miyagipadel.dk\/index.php?rest_route=\/wp\/v2\/types\/page"}],"author":[{"embeddable":true,"href":"https:\/\/miyagipadel.dk\/index.php?rest_route=\/wp\/v2\/users\/1"}],"replies":[{"embeddable":true,"href":"https:\/\/miyagipadel.dk\/index.php?rest_route=%2Fwp%2Fv2%2Fcomments&post=147"}],"version-history":[{"count":2,"href":"https:\/\/miyagipadel.dk\/index.php?rest_route=\/wp\/v2\/pages\/147\/revisions"}],"predecessor-version":[{"id":217,"href":"https:\/\/miyagipadel.dk\/index.php?rest_route=\/wp\/v2\/pages\/147\/revisions\/217"}],"wp:attachment":[{"href":"https:\/\/miyagipadel.dk\/index.php?rest_route=%2Fwp%2Fv2%2Fmedia&parent=147"}],"curies":[{"name":"wp","href":"https:\/\/api.w.org\/{rel}","templated":true}]}}