{"id":139,"date":"2025-05-13T08:48:37","date_gmt":"2025-05-13T08:48:37","guid":{"rendered":"https:\/\/miyagipadel.dk\/?page_id=139"},"modified":"2025-09-09T11:00:44","modified_gmt":"2025-09-09T11:00:44","slug":"sociale-spilaktiviteter","status":"publish","type":"page","link":"https:\/\/miyagipadel.dk\/?page_id=139","title":{"rendered":"Sociale spilaktiviteter"},"content":{"rendered":"\n<figure class=\"wp-block-image size-full\"><img loading=\"lazy\" decoding=\"async\" width=\"1024\" height=\"320\" src=\"https:\/\/miyagipadel.dk\/wp-content\/uploads\/2025\/09\/Bannerbillede-Sociale-spilaktiviteter.jpg\" alt=\"\" class=\"wp-image-218\" srcset=\"https:\/\/miyagipadel.dk\/wp-content\/uploads\/2025\/09\/Bannerbillede-Sociale-spilaktiviteter.jpg 1024w, https:\/\/miyagipadel.dk\/wp-content\/uploads\/2025\/09\/Bannerbillede-Sociale-spilaktiviteter-300x94.jpg 300w, https:\/\/miyagipadel.dk\/wp-content\/uploads\/2025\/09\/Bannerbillede-Sociale-spilaktiviteter-768x240.jpg 768w\" sizes=\"(max-width: 1024px) 100vw, 1024px\" \/><\/figure>\n\n\n\n<p><strong>Americano<\/strong><br>En gruppe spillere spiller alle mod alle. Oftest spilles et fast antal point eller p\u00e5 tid. Alle kommer til at spille med og mod alle.<\/p>\n\n\n\n<p><strong>Mexicano<\/strong><br>Samme som Americano dog sammens\u00e6ttes holdene efter runde 1 efter den enkelte spillers point optjent i spillede kampe. Dermed kan en spiller komme til at spille med og mod samme spiller(e).<\/p>\n\n\n\n<p><strong>Superliga<\/strong><br>Der spilles med fast makker og efter hver runde rykker vinderen en bane op og taberen en bane ned. Vil man g\u00f8re det lidt socialt, kan man bytte makker n\u00e5r der skiftes bane.<\/p>\n\n\n\n<p><strong>Herkules<\/strong><br>Puljeturnering p\u00e5 flere baner. De fire spillere p\u00e5 hver bane spiller med og mod hinanden. Herefter inddeles i nye puljer ifht. placering og antal baner, der har v\u00e6ret spillet p\u00e5.<\/p>\n\n\n\n<p><strong>Puljeturnering<\/strong><br>I en puljeturnering sikres, at alle spiller mod hinanden.<br>Alle f\u00e5r lige mange kampe.<br>Der kan spilles p\u00e5 tid eller til et aftalt antal point.<\/p>\n\n\n\n<p><strong>Cup med opsamling<\/strong><br>Spilles at vindere g\u00e5r videre til \u00e9n turnering og tabere til en anden. Efter hver runde rykker vindere den ene vej og tabere den anden. Alle f\u00e5r lige mange kampe.<\/p>\n\n\n\n<p><strong>Udfordring<\/strong><br>Deltagerne ops\u00e6ttes p\u00e5 en r\u00e6kke. \u00d8verste udfordrer en makker og en modstander, som selv v\u00e6lger sin makker. S\u00e5ledes forts\u00e6ttes efter hver runde.<\/p>\n\n\n\n<p><strong>Tr\u00e6k kort<\/strong><br>Der haves et antal kort svarende til deltagere. Makkere og modstandere sammens\u00e6ttes i fht. hvilke kort, man tr\u00e6kker, eks. hjerter konge og ruder konge sammen mod spar konge og kl\u00f8r konge osv. Evt. jokere er oversiddere.<\/p>\n\n\n\n<p><strong>Rafle Cup<\/strong><br>Efter en endt spillet kamp rafles om det antal point, som man f\u00e5r for at have spillet kampen.<br>Vinder f\u00e5r 2 terninger at sl\u00e5 med, mens taber f\u00e5r 1 terning. Resultatet kan variere meget, idet taber kan f\u00e5 flere point end vinder selvom vinder har 2 terninger at sl\u00e5 med.<br>Dette er en meget social aktivitet.<\/p>\n","protected":false},"excerpt":{"rendered":"<p>AmericanoEn gruppe spillere spiller alle mod alle. Oftest spilles et fast antal point eller p\u00e5 tid. Alle kommer til at spille med og mod alle. MexicanoSamme som Americano dog sammens\u00e6ttes holdene efter runde 1 efter den enkelte spillers point optjent&hellip; <\/p>\n","protected":false},"author":1,"featured_media":0,"parent":0,"menu_order":0,"comment_status":"closed","ping_status":"closed","template":"","meta":{"saved_in_kubio":false,"footnotes":""},"class_list":["post-139","page","type-page","status-publish","hentry"],"kubio_ai_page_context":{"short_desc":"","purpose":"general"},"_links":{"self":[{"href":"https:\/\/miyagipadel.dk\/index.php?rest_route=\/wp\/v2\/pages\/139","targetHints":{"allow":["GET"]}}],"collection":[{"href":"https:\/\/miyagipadel.dk\/index.php?rest_route=\/wp\/v2\/pages"}],"about":[{"href":"https:\/\/miyagipadel.dk\/index.php?rest_route=\/wp\/v2\/types\/page"}],"author":[{"embeddable":true,"href":"https:\/\/miyagipadel.dk\/index.php?rest_route=\/wp\/v2\/users\/1"}],"replies":[{"embeddable":true,"href":"https:\/\/miyagipadel.dk\/index.php?rest_route=%2Fwp%2Fv2%2Fcomments&post=139"}],"version-history":[{"count":3,"href":"https:\/\/miyagipadel.dk\/index.php?rest_route=\/wp\/v2\/pages\/139\/revisions"}],"predecessor-version":[{"id":219,"href":"https:\/\/miyagipadel.dk\/index.php?rest_route=\/wp\/v2\/pages\/139\/revisions\/219"}],"wp:attachment":[{"href":"https:\/\/miyagipadel.dk\/index.php?rest_route=%2Fwp%2Fv2%2Fmedia&parent=139"}],"curies":[{"name":"wp","href":"https:\/\/api.w.org\/{rel}","templated":true}]}}